ite number?
False
Let q(r) = r**3 + 14*r**2 + 3. Let a be q(-14). Let p(n) = -43*n**2 + 5*n - 7. Let b be p(a). Let c = 558 + b. Is c prime?
True
Let f = 858021 + -499136. Is f a composite number?
True
Let q = 69 - 71. Let l(d) = -828*d**3 + 4*d**2 + d - 4. Let b be l(q). Is (-22)/165 - b/(-30) composite?
True
Suppose 648 = 2*y - 5*h, h + 331 = y + 2*h. Suppose q = y + 12. Suppose -2*i = -q - 1617. Is i prime?
False
Suppose 0 = -3*m + 4*k + 33, 4*k + 5 + 0 = -m. Suppose -5*h + m*h + 2 = 0, -3*i + 3*h + 9684 = 0. Is i prime?
False
Suppose -s - 12 = -3*m + 2*m, 0 = m - 5*s + 4. Is (-2)/m + (80313/8 - 2) prime?
True
Let k(x) = x**3 - 4*x**2 - 6*x - 20. Let t(w) = -w**2 - w + 15. Let u be t(-3). Is k(u) a composite number?
False
Let l = 165 - 99. Suppose -64*c = -l*c + 922. Suppose -25 = -5*x, 10*v - 3*x = 6*v + c. Is v a composite number?
True
Suppose 4*p = -9*p + 1092. Suppose -88*u + 17924 = -p*u. Is u a prime number?
True
Let s = 252 + -217. Is 63825/35 - 20/s prime?
True
Let d = -1382 - -3969. Suppose v = -k + d, 4*k = k - 15. Let t = v - 1753. Is t prime?
True
Let a = 254 + -256. Is (a/12)/(15/(-359010)) composite?
False
Let x be (-58)/(-3) + (-28)/84. Let f(i) = -i. Let c be f(-3). Suppose c*y - x = 2*y. Is y a prime number?
True
Is 98/(-8)*-8542 - (-2)/(-4) a prime number?
True
Let b = -569 + 573. Is ((-73430)/30)/((-2)/(24/b)) a prime number?
False
Let y = -86 - 7. Let f = y + 94. Is (-1)/f*(-5584 + 1 + 4) prime?
False
Let c be 6 + (-35)/6 - (-13570)/12. Suppose 0 = -3*s + c + 7686. Is s prime?
True
Let q be 865/(1 + 0 + (4 - 4)). Let b = q - 230. Is b a prime number?
False
Let o(d) = -2*d + 113. Let q be o(30). Suppose j + x - 2 = -0, 0 = -3*j - 5*x. Suppose 2*n + 1471 = j*c, -q - 249 = -c + 3*n. Is c a composite number?
False
Suppose -4*q + 3*q + 6 = 0. Suppose 7*u - 1716 = q*u - 5*m, -6882 = -4*u - 2*m. Is u a prime number?
True
Let l be 1 + (-1 - 0) - -268. Let b(j) = 34*j - 245. Let g be b(1). Let z = l - g. Is z a composite number?
False
Suppose -128480 = -6*n - 5*n. Let v = -4647 + n. Is v a prime number?
False
Let p(u) = 955*u - 165. Let i be p(25). Suppose 0 = -21*s + 11*s + i. Is s a composite number?
False
Let r be (-2)/9 + 8384/(-18). Let b = 944 + 75. Let w = r + b. Is w composite?
True
Let g(d) = 144364*d - 2961. Is g(10) composite?
False
Suppose -265*c + 13885297 - 3057132 = 0. Is c a composite number?
True
Let j = 1325 - 1327. Suppose b + 0*b - 2 = 0. Is -1*(j - -3) - (b - 272) a composite number?
False
Let s = -212741 - -571272. Is s a prime number?
True
Let w(i) = -i**3 + 4*i**2 - 9*i + 16. Let x = -21 - -29. Let k be w(x). Let t = 329 - k. Is t composite?
False
Let k be 293206/(-11) + (320/(-110) - -3). Is (0 + k)*((-5)/(-15))/(-1) a prime number?
False
Suppose 4*l - 94898 = -t, 0 = -327*l + 330*l - 5*t - 71139. Is l composite?
True
Suppose 4*j - 2*p - 32 = 14, -2*j = 4*p - 8. Let g be (0 + 4/j)*61390/2. Suppose 6*l = -8*l + g. Is l composite?
False
Is (7*3198574/(-1064))/(2/(-8)) prime?
False
Let p(h) = 5*h**3 + 3*h**2 + 5*h - 9. Suppose 3*m = 2*k + 20, -2*m + k - 12 = 6*k. Is p(m) a composite number?
False
Suppose d - 11895 = 2*o + 10087, 0 = -5*o + 4*d - 54955. Let g = -7840 - o. Is 6/(-8) - g/(-4) composite?
False
Suppose 0 = -n + 10*n - 27. Suppose 2075 = -n*x + 8*x. Suppose a + 3*d - 133 = 0, -3*a + 6*a + 5*d = x. Is a a composite number?
True
Let s be (6/6)/((-14)/(-42)). Suppose 5*a + 4016 + 6838 = 3*l, 0 = a + s. Is l a composite number?
False
Suppose -12 = -22*r + 16*r. Let x(p) = 8*p**2 - 3*p - 3. Let v be x(6). Suppose -5*q + v - r = 0. Is q a prime number?
True
Let r(y) = 162*y**3 + 2*y**2 + 7*y - 14. Suppose -3*c - 9 = -18. Is r(c) a prime number?
False
Suppose -386594 = -3*h - 12*u + 387883, -5*h + 1290890 = u. Is h prime?
False
Let k be ((-2)/3)/(12/126). Let b(o) = -46*o + 66*o - 124*o + 6 + 7 - 94*o. Is b(k) composite?
False
Suppose -3*z = t - 18, 4*t - 2 = -2*z + 4*z. Let c(y) = -7*y**3 + 7 - 3 + t*y**3 - y**2 + 8*y + 0*y. Is c(-3) prime?
True
Is (-125108)/(-12) + 44/33 a composite number?
False
Let w = 2583 + -5503. Let v = w + 6563. Is v a prime number?
True
Let w(d) = -10*d**3 + 297*d**2 - 21*d + 38. Is w(12) a composite number?
True
Let z(g) = 115720*g**2 - 2*g + 5. Let r(y) = 115722*y**2 + 5. Let x(m) = 3*r(m) - 2*z(m). Is x(-1) composite?
False
Suppose -8*l = 3 - 27. Suppose -3*g - 8214 = -3*u, 0*g = -u - l*g + 2730. Suppose 0 = -s + 5*f - 363 + u, 11925 = 5*s + 5*f. Is s a prime number?
True
Let f(d) = 138600*d**2 + 51*d + 25. Is f(2) a prime number?
True
Suppose 0 = 4*y - 20, 4*v - 27*y - 2277293 = -32*y. Is v composite?
True
Let p be (258760/(-30))/(3/(-54)). Suppose 0 = 20*b + 4*b - p. Is b prime?
True
Suppose -32*t = -24*t + 42152. Let f = 11298 + t. Is f composite?
False
Let g(v) = 0 - 908*v**3 - 3 + 2 - 2*v - 2*v**2. Let n be 7/(-28) - 2/((-16)/(-6)). Is g(n) a prime number?
True
Suppose -4*w - 21 + 5 = 0, 0 = y + 4*w + 12. Suppose g - 4955 = -3*z, -5*g - y*z - 24851 = -10*g. Suppose -b = 5*c - 1677, 3*b = -0*b + c + g. Is b prime?
True
Suppose -43*v + 26727729 = 532430. Is v composite?
True
Let o be 12/(-3)*1 + (10 - 2). Suppose o = -5*m - 2*r + 16, 5*m - 3*r - 7 = 0. Suppose -2*q + 3*i = -6*q + 4552, -4*q = -m*i - 4572. Is q prime?
False
Let l(p) be the first derivative of p**3/3 - 8*p**2 + 28*p - 22. Let z be l(14). Suppose 3*f + z*f = 5*k - 644, -3*k = f - 378. Is k a prime number?
True
Let s(k) = k**2 + 12*k + 15. Let d be s(-11). Suppose 10*m - 8 = 5*m + 4*q, d*q + 8 = -m. Suppose m*x - 615 = -5*x. Is x prime?
False
Let g = -23 - -26. Suppose j - 7424 = -4*u - g*j, -3*j = 0. Let y = 2743 - u. Is y a prime number?
True
Suppose l + 2*l = 3. Suppose 10 = -m + 12. Is m/(-2) + l*114 prime?
True
Let j(a) = 179665*a - 181. Is j(2) prime?
False
Let r = -117 - -185. Let m = r - 66. Suppose -2*p = -4*g + 4978, 3*p + p = m*g - 2498. Is g a composite number?
True
Let p be -6 - 1911484/(-30) - (-2)/(-15). Suppose 0 = -15*o - 31*o + p. Is o a prime number?
False
Let u(v) = 20*v**3 + 4*v**2 + 17*v - 69. Let z be (-2)/(377/(-58) - (-6)/1). Is u(z) a composite number?
True
Let k be ((2/2)/2)/(62/9672). Suppose -74*u + k*u = 1036. Is u a composite number?
True
Suppose 1084469 = s - 3*a, 471108 = 2*s + 5*a - 1697918. Is s a prime number?
True
Suppose -4*w = -3*w + 3*y + 1454, 0 = 3*w - 4*y + 4310. Let n = -573 - w. Is n a prime number?
False
Suppose k = 21*k + 124060. Let v = k + 14514. Is v composite?
False
Let o be (-14)/(-5) + 1/5. Suppose 0*l + 8224 = 4*r - o*l, 4*l = 2*r - 4122. Is r a prime number?
True
Suppose -4*j = -20 + 12. Suppose 32945 = 5*z + 2*o, -z + 8895 - 2306 = j*o. Is z a prime number?
False
Let r(x) = -100*x + 7. Let o(a) = -a**2 - 2*a + 3. Let m be o(-4). Let k(p) = 99*p - 6. Let s(n) = m*r(n) - 4*k(n). Is s(18) a prime number?
True
Suppose 3*l - 45141 - 40240 = 4*n, -n + 113854 = 4*l. Is l a composite number?
False
Let i be 438/(-9) + 6/(-45)*-5. Is -3 - (-57048)/(i/(-8)) a composite number?
True
Suppose -u + 42*y - 41*y + 9086 = 0, -y = -4*u + 36353. Is u a prime number?
False
Let b = 5700 + -5521. Is b prime?
True
Let p = 677 + -540. Suppose 0 = -2*r + 151 + 301. Let y = r - p. Is y prime?
True
Let j(d) = 1885*d + 831. Is j(10) prime?
True
Suppose 5*y = 25, -y = -t - 14043 + 98687. Is t prime?
True
Let d(i) = -89457*i - 16. Let k be d(-1). Suppose -21*s + k = 16088. Is s a prime number?
False
Let m(o) = 442*o**3 - 48*o + 223. Is m(4) prime?
True
Let q(b) = 6*b**2 + 7*b + 4. Let p be q(-1). Is (-4)/p + 6508/12 a prime number?
True
Suppose 5*m - 2*c + 2836 + 1495 = 0, -5*m + 5*c = 4355. Suppose 4*t - 966 = 1226. Let v = t - m. Is v a prime number?
False
Is 2/3 - 8044336/(-48) a prime number?
False
Let b = -351 + 390. Let s = b + 2888. Is s composite?
False
Let h(q) = -q**2 - 4*q + 10. Let v be h(-5). Suppose 5*k + 7*l = 3*l + 1873, v*k = 5*l + 1855. Let b = k - -213. Is b composite?
True
Let j be (-4)/(-6) + (-9924)/(-18) + -8. Let b = j + -57. Is b a prime number?
True
Let p(n) = 1991*n + 34. Let z be p(16). Suppose -5*t + 128115 = z. Suppose 5198 = -11*c + t. Is c a prime number?
True
Let r = 9 + -14. Let c(b) = -2*b - 10. Let p be c(r). Let x(q) = -q + 439. Is x(p) a composite number?
False
Suppose 0 = 9*s - 8*s - 2*n + 24714, -5*s = -5*n + 123590. Let q = s + 35023. Is q